3 and p?
13
Suppose 3*y = 2*d + 297, 0 = -2*y + 6*y + 3*d - 379. Let q(t) = t**2 + 3*t - 6. Let n be q(-7). Let k = y + n. Calculate the highest common factor of k and 17.
17
Suppose -3*j - 4*o = 4, -3*j - 2*j - 2*o - 2 = 0. Suppose 3*l - 354 = -z, j*l + l + 4 = 0. Let u = -219 + z. Calculate the highest common factor of u and 21.
21
Let l be ((-80)/15 - 6)*-3. What is the greatest common divisor of l and 119?
17
Let u(h) = -14*h + 256. Let z be u(16). What is the greatest common factor of 20 and z?
4
Suppose 5*l = 4*p - 43 - 157, -75 = -p - 5*l. Let k(x) = -4*x + 2. Let c be k(-5). What is the greatest common factor of c and p?
11
Suppose 0 = 227*q - 217*q - 5220. Let k(c) = 4*c**2 - c - 2. Let w be k(4). Calculate the highest common factor of q and w.
58
Suppose 150 = 8*g - 3*g. Let o be 8/2*(-2 + 3). Suppose 0*z + o*z = 48. Calculate the greatest common factor of g and z.
6
Suppose 5*x - 22 = -4*k, 2*k + x = 4*k - 4. Suppose -k*d + 6 = -12. Calculate the greatest common divisor of d and 36.
6
Let v be 1/((5/12)/5). Let j(y) = 51*y**2 + 51*y - 6. Let b be j(-2). Calculate the highest common divisor of b and v.
12
Let j be -9 + 7 + 1*56. Suppose -h + j = 2*h. What is the greatest common divisor of h and 54?
18
Let b(j) = -84*j**2 + 19 + 2*j + 40*j**2 + 43*j**2. Let v be b(5). What is the highest common divisor of v and 32?
4
Let k(m) = 12*m**2 - 16*m - 18. Let p be k(-6). What is the highest common divisor of 10 and p?
10
Let p = 1480 + -1384. Calculate the highest common divisor of p and 24.
24
Let l(p) = -47*p + 3. Suppose 9 = 5*n + 24. Let z be l(n). What is the highest common divisor of 18 and z?
18
Let s = -482 - -498. What is the greatest common divisor of 76 and s?
4
Let n be 8/(-3)*6 - 4/(-1). Let o(p) = p**2 + 2*p - 21. Let i be o(n). What is the greatest common divisor of i and 9?
9
Let k(r) = r**3 + r**2 - 4*r + 8. Let p be k(4). Suppose -6*i = -2*i - 32. Calculate the highest common divisor of p and i.
8
Let w be (-248)/(-6)*(-3)/(-2). Suppose -5*i + 26 = a, -4*a - 2*i + w = -3*i. What is the highest common divisor of 8 and a?
8
Suppose 0 = -4*a - 2 + 98. Let j be (-2 + (-176)/(-40))*10. What is the highest common divisor of a and j?
24
Let n be 4 - 0*4/(-12). Suppose -4*f - 36 = -3*y + 14, 4*f - 20 = -n*y. Let d be 6/2 + 1 + 1. Calculate the highest common factor of y and d.
5
Let x(a) = -a**3 + 8*a**2 - 8*a + 9. Let i be x(7). Let y be ((-3)/(-2))/((6/64)/1). What is the greatest common factor of i and y?
2
Let k(w) = 2*w**2 - 2*w + 4. Let l be k(-3). Let p be 3/7 + 160/35. Suppose -59 = -p*t + 151. Calculate the highest common factor of l and t.
14
Let o(p) = -15*p + 10. Let c be o(-10). Let d(b) = 10*b - 90. Let z be d(10). What is the greatest common factor of c and z?
10
Let w(u) = -u**2 - 1. Let o(n) = 4*n**2 - 20. Let f(y) = o(y) + 3*w(y). Let h be f(7). Calculate the highest common divisor of 104 and h.
26
Suppose -62*p = -64*p + 44. Suppose 0 = 5*c - 6*c + 55. What is the highest common divisor of c and p?
11
Let p(g) = -2*g + 184. Let d be p(61). What is the highest common divisor of 8 and d?
2
Let v be (39/65)/((-2)/(-10)) - -118. Calculate the greatest common factor of 11 and v.
11
Let y = -11 - -11. Let n(b) = b**2 + 185. Let o be n(y). What is the greatest common factor of 37 and o?
37
Suppose k = -25 + 49. Calculate the greatest common divisor of k and 168.
24
Let y be 6/39 - (4568/(-52) + -4). Calculate the greatest common factor of y and 322.
46
Let d be ((-1)/2*13)/(3/(-6)). Let i(w) = w**2 - 9*w - 25. Let r be i(d). What is the greatest common factor of 9 and r?
9
Let l(r) = 31*r - 1482. Let q be l(48). Suppose 5*x - 95 = -3*d + 16, -2*d + 5*x + 99 = 0. What is the highest common divisor of d and q?
6
Let t(y) = 4*y. Let w be t(1). Let q(a) be the second derivative of -4*a**3/3 + 2*a**2 - 16*a. Let u be q(-4). Calculate the greatest common divisor of w and u.
4
Suppose 8*s = s - 875. Let v = s - -182. Calculate the highest common factor of v and 19.
19
Let r = -179 - -415. Let s = 150 - r. Let z = s - -126. What is the greatest common factor of 10 and z?
10
Let d(b) = b**2 + 9*b + 16. Let s be d(-7). Suppose 10 = -0*f + s*f. Calculate the highest common divisor of 5 and f.
5
Let c = -23 + 35. Calculate the highest common divisor of 12 and c.
12
Suppose 0*s - 1558 = -2*m - 2*s, -2*m - 4*s + 1556 = 0. Suppose v - m = -9*v. What is the highest common divisor of 6 and v?
6
Let t(s) = -18*s + 39. Let q be t(-2). What is the highest common factor of 285 and q?
15
Let x be -4*(78/(-24) + 3). What is the greatest common divisor of 43 and x?
1
Suppose -i + 6 = -128. Suppose -46 = -12*j + i. Calculate the highest common divisor of 3 and j.
3
Let o(l) = 17*l**2 + 2*l - 1. Let x be o(1). Let w = 117 + -111. Let v be (w/(-1))/(155/(-30) - -5). What is the greatest common divisor of x and v?
18
Let b(j) be the third derivative of 3*j**4/8 - 7*j**3 - 48*j**2. Let r be b(16). What is the greatest common divisor of 6 and r?
6
Suppose t - 5*g - 35 = 0, 5*t + 2*g - 85 = -3*g. Suppose 0 = m - 81 + 1. Calculate the greatest common factor of t and m.
20
Let i(a) = 16*a - 195. Let z be i(13). What is the highest common factor of 2 and z?
1
Let p = 16 + -28. Let z = 1 - p. Let m = -4 + z. Calculate the greatest common divisor of m and 81.
9
Let c(l) = 12*l**3 + 4*l**2. Suppose -b = -5*r - 29 + 7, 3*b = 3*r + 18. Let x be c(b). What is the highest common factor of x and 14?
14
Let y = 345 - 335. Let p(v) = v**3 + 4*v**2 - 8*v - 5. Suppose -2*q - 10 = -0*q. Let r be p(q). Calculate the highest common divisor of r and y.
10
Let d(q) = 4*q**2 + 7*q - 4. Let x be d(3). Let h = x + -31. What is the highest common divisor of 110 and h?
22
Let s = -8 + 9. Let c(k) = 4*k - 1. Let v be c(1). Suppose -f - s = -v. What is the highest common factor of f and 6?
2
Suppose -5*f - 3*l + 3757 = 0, -5*l + 2127 = -5*f + 5892. Calculate the greatest common factor of f and 32.
16
Suppose -4*d + 1781 = 3*t + 487, -d + 4*t + 314 = 0. Calculate the greatest common divisor of 28 and d.
14
Let d be -5 + 2 + 4 - -14. Calculate the highest common factor of d and 70.
5
Let k(m) = m**3 + 3*m**2 - 14*m - 5. Let d be k(-6). Let a = 51 + d. Calculate the highest common divisor of 154 and a.
22
Let i be 5*-1*13/(-130)*8. Let f(m) = -2*m**3 - 2*m**2 - 4. Let c be f(-3). Calculate the greatest common divisor of i and c.
4
Suppose 2*a + 6 - 72 = -4*s, -4*a = -3*s + 33. Suppose 0 = 2*p + p - 495. What is the highest common factor of p and s?
15
Let n(m) = 3*m - 4. Let s(w) = -6*w + 7. Let f(k) = 13*n(k) + 6*s(k). Let v be f(6). Calculate the highest common divisor of v and 4.
4
Let w be 128 - -42 - 6/(-1). Calculate the greatest common divisor of 1672 and w.
88
Suppose 154 = 5*i - 3*l + 24, 0 = -i - l + 26. Suppose -3*z - 23 = -725. Calculate the greatest common factor of z and i.
26
Let n(u) = 97*u**2 + 6*u + 15. Let w be n(-3). What is the highest common factor of w and 58?
58
Let g be 32/(-112) + 468/21. Let p = -30 + 96. Calculate the greatest common factor of g and p.
22
Let c = 485 + -300. Calculate the greatest common divisor of c and 37.
37
Let k(z) = z**2 + 1. Let g(s) = 3*s**2 - 13*s + 3. Let h(v) = -g(v) + 2*k(v). Let w be h(7). What is the greatest common divisor of w and 451?
41
Suppose 0 = -d - 3*s + 44, -4*d + 34 + 135 = 5*s. Let k be d + (0 + -2)/1. Calculate the highest common divisor of k and 26.
13
Suppose 32*r + 266 = 1194. Calculate the greatest common factor of r and 667.
29
Let s be 94/(-8) - 2/8. Let t = s - -23. Let x = -20114 - -20115. Calculate the greatest common divisor of x and t.
1
Let j(v) = v**3 - 4*v**2 + 10*v - 6. Let n be (-580)/(-70) + 4/(-14). Let l be j(n). Suppose -4*s = -s - l. What is the highest common factor of 10 and s?
10
Suppose b = 6*b - 175. Suppose 4*m - 9*r + 12*r - 125 = 0, 0 = 2*m - 2*r - 80. What is the highest common factor of m and b?
35
Let g(u) = 73*u + 1031. Let z be g(-7). What is the highest common factor of 60 and z?
20
Let v be -3 - 62*3/(-6). Let b = -11 + 19. Calculate the greatest common factor of v and b.
4
Let i(b) = -b**3 - 7*b**2 - 7*b - 15. Let j be i(-6). Let s = j + 15. Suppose -t = -15 + s. What is the greatest common factor of t and 3?
3
Let o be (-48)/6 + (-390)/(-5). Calculate the greatest co